77
(-45 + -32 - -40 - -44) + 78
85
Evaluate -38 + 62 - 45 - (-39 - 1).
19
What is 7 + (84 - (-4 - (7 - -3) - -1) - 14)?
90
Calculate 34 + (-4 + -4 - 0 - -27) - (1 - 6).
58
What is the value of 60 - (10 - (-33 - -18 - -11))?
46
8 + (-2 - -47) + -50
3
21 + (-10 - 43) + -6 + 37
-1
Calculate 4 + (-134 - -48) - -5.
-77
What is (327 - 284) + (0 - 7) + -2?
34
Evaluate 91 + (0 - 37) - 35.
19
Evaluate (-98 - -104) + -23 + (0 - (-3 + 1)).
-15
17 + 86 + -23 + -15 - 5
60
Evaluate (-102 - -45 - -47) + 6.
-4
Evaluate -32 - 1 - (-171 + 52 + 137).
-51
What is -9 - (-18 - (1 + -13)) - 8 - -32?
21
-350 - (40 - 292) - (-40 + 0)
-58
What is -80 + 0 + -5 + -1 + -46 + 45?
-87
Evaluate -227 + 225 + (21 - -6).
25
35 + (-9 - (-18 - -8)) + 1 + 4
41
What is (-3 - -80) + (18 - -10) + -63?
42
What is -1 - (1 - -6) - (-814 + 834 + -31 + 1)?
2
What is (43 - (-2 + -29)) + (-1 - 27)?
46
Evaluate (-12 - (-40 + 44)) + 24.
8
Calculate 71 + 66 + -141 + 21.
17
What is the value of (18 - 198) + (77 - -53)?
-50
What is the value of (22 + -25 + 0 + 0 + 6 - -11) + 98?
112
What is the value of 2575 + -2634 + (108 - -1)?
50
Calculate 39 - -2 - 56 - -13.
-2
Calculate -8 + -2 + (-3 - -1) + (-334 - -326).
-20
Calculate 8 + 8 + 3 + 8 + (57 - 4).
80
What is the value of -77 + (-4 + 8 - 17) + 14 + -7?
-83
Evaluate (4 - (38 + -1) - -2) + -561 + 562.
-30
What is the value of -11 + 0 + 3 + (29 - (-45 - -49))?
17
(42 - -1) + (24 - (-36 + 42) - 21)
40
(-8 - 0) + -2 + -10 - -14 - 13
-19
-345 - -332 - (-2 - (-31 + (-6 - -1) - -6))
-41
What is the value of -22 + 0 + 1 + 36 + -31 + (-416 - -428)?
-4
What is 67 + (11 - -2) + -20 + (23 - 27)?
56
What is -1 + 84 + (18 - 70)?
31
Calculate -13 + (-5 - -22 - 11) + 9 - 33.
-31
What is the value of 23 + -20 + (-1 - (-4 + -10)) + -77?
-61
What is the value of -33 + 41 + (-16 - -23)?
15
-14 + (0 - (-64 + 88))
-38
Evaluate 109 + -137 - (-80 - -17).
35
Calculate -58 - 34 - (37 + -22 - 34).
-73
13 - (11 + -1 + 33 + -2 + -9)
-19
What is the value of -80 + (-14 - 19 - -16 - -36)?
-61
What is the value of 35 - (4 + -13 - -58)?
-14
Evaluate 61 + -15 + 47 + -17 + -12 + -2.
62
What is -100 + 6 + (11 + (-20 - -5) - 2)?
-100
What is the value of 7 - -1 - (75 - (-1 - (17 - (-16 + 10))))?
-91
What is (-1 - 18) + (95 - 210 - -203)?
69
Calculate (194 - 220) + -3 + 63 + 1.
35
Calculate 27 + 1 + (-6 + -1 - (113 + -134)).
42
What is (-98 - -46) + 81 - (-18 - -3)?
44
Calculate 8 - (14 - -11 - (-5 + 8)).
-14
Evaluate -17 + (279 + -262 - (15 - -2)).
-17
What is (10 - -11) + (-51 - (-40 - -2))?
8
Calculate 90 - (50 - 45 - -43).
42
What is (-27 - 14 - -35) + 116 - 19?
91
7 + (1 - -10) - (-13 - 80 - -10)
101
What is the value of -276 + 278 - (20 - 7)?
-11
9 + -1 - (-53 - -38) - -10 - 11
22
Evaluate 43 - (-11 + 9 - -52).
-7
What is 4 + (0 - -141) + (-84 - (-69 - -2))?
128
Evaluate 1 + 17 + -6 + -44.
-32
Evaluate -27 + -5 + (7 - 14).
-39
(-47 - (18 - 99)) + -34
0
What is the value of (11 - (15 + -8)) + (-2 - (-4 + 5) - 15)?
-14
7 + (-3 + -13 - (-43 + 58))
-24
What is -65 + (-21 - (-8 - (-24 + 2 + 21)))?
-79
Evaluate 1976 + -2006 + (-2 - 21).
-53
Calculate 89 - ((-10 - (-21 + 3)) + 13).
68
Calculate -4 + -5 + (-104 - -73).
-40
Evaluate -354 - -396 - (1 + 6).
35
What is the value of 76 - ((3 - (1 + 14) - -10) + 2)?
76
What is (-7 + 27 - -11) + -16 + (-22 - -2)?
-5
Calculate -45 - ((31 - 0) + -51).
-25
What is (-11 + -4 - 14) + 5 - (2 + 0 - -2)?
-28
What is the value of 25 - (2 + 44 + -48)?
27
Calculate -104 - (-25 - 25 - -28).
-82
-97 - (86 + -59 + -48)
-76
What is the value of 13 + (11 + (-15 - -7) + -3 - -26)?
39
Calculate 11 + -18 + (26 - 16) - -40.
43
What is -14 + -57 + (101 - 47)?
-17
(-2 - (0 + -20)) + -73 + 24 + -43
-74
Calculate -45 - (-7 - (-5 + -5) - (5 + (1 - 11))).
-53
Calculate -109 - -10 - (-542 + 471).
-28
Calculate (-7 - (12 + 10 + -2) - -19) + 1 + 30.
23
3 - (-3 + 15) - (-68 + 50 + -35)
44
What is 338 + -123 - 96 - 55?
64
What is -63 - ((13 - 47) + 24 - 28)?
-25
Evaluate -17 - (-6 + -65 + 0) - (-31 - -10).
75
Evaluate (1 - -17) + (-33 - (-21 + -12)) + 7.
25
Evaluate -147 - 5 - (-87 - -120 - 71).
-114
Evaluate 9 + (13 - 23) - (165 + -123 - (-3 - 1)).
-47
What is the value of -176 + 222 - (37 + -30)?
39
-35 + 5 + (9 - -23)
2
Calculate -108 - (29 - 71) - -109.
43
Evaluate (9 - 4) + -18 - 7 - 5.
-25
(0 + 23 - (16 - (123 + -117))) + -145
-132
(440 - 457) + 0 + 8 + (1 - 38)
-46
What is the value of -1 - 6 - ((39 - 1) + (3645 - 3706))?
16
What is the value of 45 + (-54 - -9) + 1?
1
What is the value of -64 - (-100 + 67 + -77)?
46
Calculate -1 + 14 - (16 + -2 + -21 - -19).
1
-12 + (-38 - (13 + -28)) + 1 + 4
-30
What is the value of 17 - (1 - -6 - -6) - (10 + 12)?
-18
-34 - (-14 + (34 + -10 - 11)) - -11
-22
What is the value of 2 + 3 + -44 - (-11955 - -11996)?
-80
1 + (-1 - 81) - (46 + -19 + -36)
-72
Calculate -103 + (12 - (11 - 12)) + -22 + 7 + -14.
-119
What is the value of 2 + (-15 - (-21 - (8 + -20)))?
-4
What is 2839 + -2877 - (23 - -1)?
-62
-1 + 9 + -52 + (21 - -17)
-6
What is 34 - (-1 + 2) - (50575 - 50582)?
40
Evaluate 387 - 190 - 241 - (-4 + 1).
-41
Calculate -209 + 175 + (2 - -23).
-9
What is the value of (5 - ((16 - (3 - -19)) + 14)) + -146?
-149
What is the value of 7 - (21 - (2 - 21) - 121)?
88
What is -9 + -6 - 3 - (-10 - -3)?
-11
Calculate 4 + -6 - 4 - (48 + 87 + -80).
-61
Evaluate -28 + (3 - (-4 - -9) - (26 + -24)).
-32
What is the value of -21 + -95 - (-53 - -2)?
-65
Calculate 112 - (21 + -39 + 31 + -2 + -7).
108
Calculate 20 + (-55 - -10) - -50.
25
68 - 73 - 38 - -86 - (1 - 2 - 12)
56
50 + 15 + -58 + 4
11
What is the value of (4 + (0 - 11) - (-1 + -14)) + -5 - 2?
1
Calculate (9 + -5 - 7) + -58 + (14 - (-3 + 12)).
-56
What is -6 + -32 + (-2 - -14 - (-11 + (66 - 36)))?
-45
26 + 0 + 307 + -285 + -24
24
What is -72 + (-27 + 14 - (0 - (4 + -3)) - -10)?
-74
(35 - 23) + -26 + (-1 - 10 - 1)
-26
Evaluate -52 + 6 + (-66 - -124) - (0 + 70 + 1).
-59
What is the value of (37 - 20 - -30) + (-8 - (-2 - 9))?
50
Evaluate -45 - (-32 + (-18 - 2) + 41).
-34
What is the value of (61 - -19) + 2 + (4 - -4) + (-13 - -2)?
79
Calculate -2 + 1 + (16 - 5 - 7 - 10) + -69.
-76
-24 + (-10 - (-5 - (3 - (-25 + 16))))
-17
What is 40 - (9 + (-5 - -2) + (6 - -5))?
23
Evaluate 45 + 1 - (-13 + -16 + -2 - -26).
51
What is (15 - (6 - -28)) + 10 - (25 + 1)?
-35
3 + 82 - ((23 - -133) + -142)
71
What is -38 - (-17 + 6 + (-6 - 7))?
-14
7 + 0 + -12 + -12 + -48 + -17
-82
(-1 - -99) + -1148 + 1010
-40
What is -46 + 51 + -31 - 5?
-31
What is (-18 - (38 - (5 - -108))) + (-3 - -1) + -8?
47
-61 - (98 + -171) - (-11 + -122 + (2 - 1))
144
What is -12 + (-169 - -113) - -159?
91
What is the value of (15 - 38) + -18 - -62?
21
Calculate -48 + -67 + 107 - (3 - (-1 - (-33 - 1))).
22
-2801 + 2765 + 10 + -2 + 2
-26
What is the value of -9 - ((-5 - (-35 - -19)) + (1 - 4))?
-17
Evaluate 14 - (-7 + (0 - -4) + (67 - 11)).
-39
What is the value of -3 - 54 - 1 - (296 - 283)?
-71
Evaluate 11 + (-101 + 43 - 7).
-54
What is the value of -8 - ((0 - (0 + -2)) + -95 + (152 - -30))?
-97
Calculate 9 + (25 - 13) + -7 + 0 + 53.
67
Calculate 1486 + -1486 + (101 - (1 + 0)).
100
What is the value of -49 - 58 - -15 - -46?
-46
Calculate (7 + -10 - -1 - -19) + -35.
-18
What is -538 + 566 + -2 + 16?
42
(0 - -67) + (8 - 20) + (2 - (8 - 2))
51
What is (86 - 72) + -9 - (54 + 1)?
-50
-18 + (-3 - (0 - 15) - -1) - (2 - -7)
-14
Evaluate (37 + -113 - -26 - (12 - 2)) + 6.
-54
What is 22 + 0 - (113 - (105 - 32))?
-18
Evaluate -21 + 2 + 12 - ((5 - 0) + -2) - -80.
70
What is (-66 + 42 - -38) + -22?
-8
Calculate -16 + (151 - (40 - -80)).
15
What is (-1 + 3 - 118) + (-203 - -215)?
-104
Evaluate -5 - (-20 + (15 + -1 - 12)) - (146 + -5).
-128
(0 - (2 + -27)) + (-18 + 47 + -43 - -10)
21
Evaluate (372 - (334 - 32)) + 0 + 28.
98
What is -113 + -21 + (-7 - (-1 + (19 - 22)))?
-137
What is (-18 - -5) + 11 + (2 - 18)?
-18
Evaluate (803 - 723) + (-21 + 1 - 4).
56
Evaluate 12 + -4 + 8 + -10 - (0 + (58 - -8)).
-60
What is 29 - (0 + (24 - 10) - (6 + -2))?
19
What is the value of -52 + 13 + -6 + 8?
-37
Evaluate -35 - (-53 - -79 - 31).
-30
Evaluate 8 + 5 + -18 + -10 - (17 + -11).
-21
Calculate 12 + 4 + -1 + -76 + 15 + -7 + -2.
-55
Calculate 12 - (-152 + 65 + 55).
44
Evaluate -51 + (-16 - (-17 + (18 - 1))) - 2.
-69
What is 11 + 108 - (430 - 361)?
50
What is the value o